{"id":184,"date":"2023-11-13T19:20:34","date_gmt":"2023-11-13T18:20:34","guid":{"rendered":"https:\/\/veloazur.com\/?page_id=184"},"modified":"2025-11-24T09:53:53","modified_gmt":"2025-11-24T08:53:53","slug":"vente-de-velos","status":"publish","type":"page","link":"https:\/\/veloazur.com\/?page_id=184","title":{"rendered":"VENTE DE V\u00c9LOS"},"content":{"rendered":"\n<p>V\u00c9LO AZUR promeut des v\u00e9los \u00ab\u00a0made in France\u00a0\u00bb pour soutenir l&#8217;emploi et la r\u00e9industrialisation en France. Cette d\u00e9marche contribue \u00e0 diminuer l&#8217;empreinte environnementale du commerce et des produits li\u00e9s au cycle.<\/p>\n\n\n\n<p>\u00ab\u00a0Made in France\u00a0\u00bb est parfois un abus de langage mais c&rsquo;est un horizon vis\u00e9. C&rsquo;est ainsi que vous vendons des marques de V\u00e9los \u00e0 Assistance Electrique (V.A.E.) telles que <a href=\"https:\/\/eovolt.com\/\" target=\"_blank\" rel=\"noreferrer noopener\">EOVOLT<\/a>, <a href=\"https:\/\/jeanfourche.fr\/\" target=\"_blank\" rel=\"noreferrer noopener\">JEAN FOURCHE<\/a>, et <a href=\"https:\/\/www.starway.fr\/\" target=\"_blank\" rel=\"noreferrer noopener\">STARWAY<\/a>, ou encore une marque \u00ab\u00a0made in Europe\u00a0\u00bb comme <a href=\"https:\/\/www.guerciotti.it\/\" target=\"_blank\" rel=\"noreferrer noopener\">GUERCIOTTI<\/a>, v\u00e9los qui viennent de nos voisins transalpins, assembl\u00e9s \u00e0 Milan. <\/p>\n\n\n\n<p>Nous distribuons \u00e9galement les marques GITANE, PEUGEOT et MATRA (groupe Re-Cycles France), sur catalogue. Pour la ville, nous recommandons en particulier les mod\u00e8les PEUGEOT <a href=\"https:\/\/cycles.peugeot.fr\/city-0\/ecity\/ec01\/ec01-crossover-moteur-perf\">eC01 Cross over<\/a> (\u00e9quip\u00e9 d&rsquo;un moteur central Bosch Performance Line et de freins hydrauliques Shimano MT201) et le GITANE <a href=\"https:\/\/www.cyclesgitane.fr\/velos\/g-life-intense-wave\">G-Life intense Wave<\/a>.<\/p>\n\n\n\n<p>Quelques prix actualis\u00e9s (nov. 2025) :<\/p>\n\n\n\n<ul class=\"wp-block-list\">\n<li>UTO <a href=\"https:\/\/utobikes.com\/products\/og16\">OG16<\/a> (ex-EOVOLT Morning &#8211; 16&Prime;) : 1799 \u20ac<\/li>\n\n\n\n<li>UTO <a href=\"https:\/\/utobikes.com\/products\/og20\">OG-20<\/a> (ex-EOVOLT Afternoon &#8211; 20&Prime;) : 2199 \u20ac<\/li>\n<\/ul>\n\n\n\n<p>Pour l&rsquo;ensemble de la gamme UTO fin 2025, voir <a href=\"https:\/\/utobikes.com\/products\/pro16#shopify-section-template--26401889714511__product_compare_technical_sheet_Xwwcr4\">ici<\/a>.<\/p>\n\n\n\n<ul class=\"wp-block-list\">\n<li><a href=\"https:\/\/jeanfourche.fr\/products\/velo-utilitaire?variant=50380802195789\" target=\"_blank\" rel=\"noreferrer noopener\">JEAN FOURCHE I (24&Prime;<\/a>) &#8211; version musculaire, \u00e9quip\u00e9e en NEXUS 7 : 1190 \u20ac<\/li>\n\n\n\n<li><a href=\"https:\/\/jeanfourche.fr\/products\/velo-utilitaire?variant=47854165754189\" target=\"_blank\" rel=\"noreferrer noopener\">JEAN FOURCHE I (24&Prime;)<\/a> : version VAE, avec b\u00e9quille double et rack avant (\u00e9ligible \u00e0 la prime \u00ab\u00a0cargo\u00a0\u00bb) : 2290 \u20ac<\/li>\n\n\n\n<li><a href=\"https:\/\/jeanfourche.fr\/products\/velo-deux-places?variant=49976480170317\" target=\"_blank\" rel=\"noreferrer noopener\">JEAN FOURCHE II (24&Prime;)<\/a> : version VAE, avec b\u00e9quille double et rack avant (\u00e9ligible \u00e0 la prime \u00ab\u00a0cargo\u00a0\u00bb) : \u00e0 partir de 2690\u20ac (sans accessoires)<\/li>\n\n\n\n<li><a href=\"https:\/\/www.guerciotti.it\/bici\/gravel\/greto\/\" target=\"_blank\" rel=\"noreferrer noopener\">GUERCIOTTI<\/a> gravel GRETO GR01 GRX600 : 2132 \u20ac<\/li>\n<\/ul>\n\n\n\n<p>Pour les v\u00e9los STARWAY ci-dessous, <strong>assurance vol 3 ans offerts par STARWAY !<\/strong><\/p>\n\n\n\n<ul class=\"wp-block-list\">\n<li>STARWAY<a href=\"https:\/\/www.starway.fr\/gammes-velos-electriques\/revelation.html\"> R\u00e9v\u00e9lation<\/a> : 1690 \u20ac (-400\u20ac jusqu&rsquo;au 31 novembre 2025)<\/li>\n\n\n\n<li>STARWAY<a href=\"https:\/\/www.starway.fr\/gammes-velos-electriques\/urban.html\" target=\"_blank\" rel=\"noreferrer noopener\"> <\/a><a href=\"https:\/\/www.starway.fr\/gammes-velos-electriques\/urban-2\/velo-electrique-starway-urban-2.html\">Urban II<\/a> 24, 26 ou 28&Prime; : 1990 \u20ac<\/li>\n\n\n\n<li>STARWAY <a href=\"https:\/\/www.starway.fr\/gammes-velos-electriques\/urban-2-gt\/v%C3%A9lo-%C3%A9lectrique-starway-urban-2-gt.html\">Urban II<\/a> GT 24, 26 ou 28&Prime; : 2190 \u20ac<\/li>\n\n\n\n<li>STARWAY <a href=\"https:\/\/www.starway.fr\/gammes-velos-electriques\/touring-2\/velo-electrique-starway-touring-2.html\">Touring II<\/a> : 1990 \u20ac<\/li>\n\n\n\n<li>STARWAY <a href=\"https:\/\/www.starway.fr\/gammes-velos-electriques\/suv\/velo-electrique-starway-suv.html\">SUV <\/a>27,5\u00a0\u00bb : 2390 \u20ac<\/li>\n<\/ul>\n\n\n\n<figure class=\"wp-block-image size-large\"><img decoding=\"async\" src=\"https:\/\/veloazur.com\/wp-content\/uploads\/2023\/11\/1700842494221.jpg\" alt=\"\"\/><\/figure>\n","protected":false},"excerpt":{"rendered":"<p>V\u00c9LO AZUR promeut des v\u00e9los \u00ab\u00a0made in France\u00a0\u00bb pour soutenir l&#8217;emploi et la r\u00e9industrialisation en France. Cette d\u00e9marche contribue \u00e0 diminuer l&#8217;empreinte environnementale du commerce et des produits li\u00e9s au cycle. \u00ab\u00a0Made in France\u00a0\u00bb est parfois un abus de langage mais c&rsquo;est un horizon vis\u00e9. C&rsquo;est ainsi que vous vendons des marques de V\u00e9los \u00e0 [&hellip;]<\/p>\n","protected":false},"author":1,"featured_media":0,"parent":0,"menu_order":0,"comment_status":"closed","ping_status":"closed","template":"","meta":{"footnotes":""},"class_list":["post-184","page","type-page","status-publish","hentry"],"_links":{"self":[{"href":"https:\/\/veloazur.com\/index.php?rest_route=\/wp\/v2\/pages\/184","targetHints":{"allow":["GET"]}}],"collection":[{"href":"https:\/\/veloazur.com\/index.php?rest_route=\/wp\/v2\/pages"}],"about":[{"href":"https:\/\/veloazur.com\/index.php?rest_route=\/wp\/v2\/types\/page"}],"author":[{"embeddable":true,"href":"https:\/\/veloazur.com\/index.php?rest_route=\/wp\/v2\/users\/1"}],"replies":[{"embeddable":true,"href":"https:\/\/veloazur.com\/index.php?rest_route=%2Fwp%2Fv2%2Fcomments&post=184"}],"version-history":[{"count":7,"href":"https:\/\/veloazur.com\/index.php?rest_route=\/wp\/v2\/pages\/184\/revisions"}],"predecessor-version":[{"id":386,"href":"https:\/\/veloazur.com\/index.php?rest_route=\/wp\/v2\/pages\/184\/revisions\/386"}],"wp:attachment":[{"href":"https:\/\/veloazur.com\/index.php?rest_route=%2Fwp%2Fv2%2Fmedia&parent=184"}],"curies":[{"name":"wp","href":"https:\/\/api.w.org\/{rel}","templated":true}]}}

VENTE DE VÉLOS

<p>VÉLO AZUR promeut des vélos « made in France » pour soutenir l&#8217;emploi et la réindustrialisation en France. Cette démarche contribue à diminuer l&#8217;empreinte environnementale du commerce et des produits liés au cycle.</p>



<p>« Made in France » est parfois un abus de langage mais c&rsquo;est un horizon visé. C&rsquo;est ainsi que vous vendons des marques de Vélos à Assistance Electrique (V.A.E.) telles que <a href="https://eovolt.com/" target="_blank" rel="noreferrer noopener">EOVOLT</a>, <a href="https://jeanfourche.fr/" target="_blank" rel="noreferrer noopener">JEAN FOURCHE</a>, et <a href="https://www.starway.fr/" target="_blank" rel="noreferrer noopener">STARWAY</a>, ou encore une marque « made in Europe » comme <a href="https://www.guerciotti.it/" target="_blank" rel="noreferrer noopener">GUERCIOTTI</a>, vélos qui viennent de nos voisins transalpins, assemblés à Milan. </p>



<p>Nous distribuons également les marques GITANE, PEUGEOT et MATRA (groupe Re-Cycles France), sur catalogue. Pour la ville, nous recommandons en particulier les modèles PEUGEOT <a href="https://cycles.peugeot.fr/city-0/ecity/ec01/ec01-crossover-moteur-perf">eC01 Cross over</a> (équipé d&rsquo;un moteur central Bosch Performance Line et de freins hydrauliques Shimano MT201) et le GITANE <a href="https://www.cyclesgitane.fr/velos/g-life-intense-wave">G-Life intense Wave</a>.</p>



<p>Quelques prix actualisés (nov. 2025) :</p>



<ul class="wp-block-list">
<li>UTO <a href="https://utobikes.com/products/og16">OG16</a> (ex-EOVOLT Morning &#8211; 16&Prime;) : 1799 €</li>



<li>UTO <a href="https://utobikes.com/products/og20">OG-20</a> (ex-EOVOLT Afternoon &#8211; 20&Prime;) : 2199 €</li>
</ul>



<p>Pour l&rsquo;ensemble de la gamme UTO fin 2025, voir <a href="https://utobikes.com/products/pro16#shopify-section-template--26401889714511__product_compare_technical_sheet_Xwwcr4">ici</a>.</p>



<ul class="wp-block-list">
<li><a href="https://jeanfourche.fr/products/velo-utilitaire?variant=50380802195789" target="_blank" rel="noreferrer noopener">JEAN FOURCHE I (24&Prime;</a>) &#8211; version musculaire, équipée en NEXUS 7 : 1190 €</li>



<li><a href="https://jeanfourche.fr/products/velo-utilitaire?variant=47854165754189" target="_blank" rel="noreferrer noopener">JEAN FOURCHE I (24&Prime;)</a> : version VAE, avec béquille double et rack avant (éligible à la prime « cargo ») : 2290 €</li>



<li><a href="https://jeanfourche.fr/products/velo-deux-places?variant=49976480170317" target="_blank" rel="noreferrer noopener">JEAN FOURCHE II (24&Prime;)</a> : version VAE, avec béquille double et rack avant (éligible à la prime « cargo ») : à partir de 2690€ (sans accessoires)</li>



<li><a href="https://www.guerciotti.it/bici/gravel/greto/" target="_blank" rel="noreferrer noopener">GUERCIOTTI</a> gravel GRETO GR01 GRX600 : 2132 €</li>
</ul>



<p>Pour les vélos STARWAY ci-dessous, <strong>assurance vol 3 ans offerts par STARWAY !</strong></p>



<ul class="wp-block-list">
<li>STARWAY<a href="https://www.starway.fr/gammes-velos-electriques/revelation.html"> Révélation</a> : 1690 € (-400€ jusqu&rsquo;au 31 novembre 2025)</li>



<li>STARWAY<a href="https://www.starway.fr/gammes-velos-electriques/urban.html" target="_blank" rel="noreferrer noopener"> </a><a href="https://www.starway.fr/gammes-velos-electriques/urban-2/velo-electrique-starway-urban-2.html">Urban II</a> 24, 26 ou 28&Prime; : 1990 €</li>



<li>STARWAY <a href="https://www.starway.fr/gammes-velos-electriques/urban-2-gt/v%C3%A9lo-%C3%A9lectrique-starway-urban-2-gt.html">Urban II</a> GT 24, 26 ou 28&Prime; : 2190 €</li>



<li>STARWAY <a href="https://www.starway.fr/gammes-velos-electriques/touring-2/velo-electrique-starway-touring-2.html">Touring II</a> : 1990 €</li>



<li>STARWAY <a href="https://www.starway.fr/gammes-velos-electriques/suv/velo-electrique-starway-suv.html">SUV </a>27,5 » : 2390 €</li>
</ul>



<figure class="wp-block-image size-large"><img decoding="async" src="https://veloazur.com/wp-content/uploads/2023/11/1700842494221.jpg" alt=""/></figure>

<p>VÉLO AZUR promeut des vélos « made in France » pour soutenir l&#8217;emploi et la réindustrialisation en France. Cette démarche contribue à diminuer l&#8217;empreinte environnementale du commerce et des produits liés au cycle. « Made in France » est parfois un abus de langage mais c&rsquo;est un horizon visé. C&rsquo;est ainsi que vous vendons des marques de Vélos à [&hellip;]</p>
